uppose 6 = 5*x + b, 0*x - 5*b = -2*x + 24. Suppose k = x + 1. Suppose -k*w - 2 = -23. What are the prime factors of w?
7
Let v be ((-40)/4)/(0 + -1). List the prime factors of 12/30 - (-36)/v.
2
Let g = 22 + -15. Let j(b) = b**2 - 2*b. Let p be j(3). Suppose 0 = -3*d - 3*v + 27, -22 = -d + p*v + g. List the prime factors of d.
2, 7
Suppose 4*l - 5*s - 484 = -127, -259 = -3*l - 5*s. Suppose q + q - l = 0. List the prime factors of q.
2, 11
Suppose 2*j - 144 = -10*j. What are the prime factors of j?
2, 3
Let c(w) = 31*w - 7. What are the prime factors of c(3)?
2, 43
Let j be (2/4)/(1/2). Let t(u) = -j + 2*u**2 + 1. List the prime factors of t(-1).
2
Suppose -2*k + 97 = 5*a, 0*a + 137 = 2*k - 3*a. What are the prime factors of k?
61
Let c(u) = -u**2 + 11*u - 4. Let p = 12 - 2. Let f be c(p). Let z(i) = -i**3 + 6*i**2 - i + 8. List the prime factors of z(f).
2
Let p = -6 + 103. What are the prime factors of p?
97
List the prime factors of ((-535)/(-2))/(-5)*-2.
107
Let r be -1*2*(-2 - 2). Suppose -2*d = -5*n - 38, 3*n = d - 4*d - 27. What are the prime factors of (-46)/n - (-2)/r?
2, 3
Let m(w) = 5*w + 3. Let k be m(8). Suppose k - 4 = 3*r. List the prime factors of r.
13
Let x be 2/5 + (-84)/(-15). Suppose b + x = 4*b. What are the prime factors of 20/16*2*b?
5
Let l(d) = -6*d - 20. What are the prime factors of l(-12)?
2, 13
Let y(p) = 22*p + 21. What are the prime factors of y(6)?
3, 17
Suppose 6*u = 121 + 95. What are the prime factors of u?
2, 3
Let o(q) = q**3 + 14*q**2 + 13*q + 17. List the prime factors of o(-12).
149
Let s = -14 + 18. Suppose 0 = 5*t + s*o - 287, 4*t - 5*o = 48 + 157. List the prime factors of t.
5, 11
Let u(r) = r**2 + 3*r - 14. Suppose -c = 2*v + 14, 6*c + 22 = 3*c - v. List the prime factors of u(c).
2
Let z(y) be the first derivative of y**4 + 1/2*y**2 + 0*y**3 - 5 - y. List the prime factors of z(1).
2
Suppose 0 = 4*k + 5*p - 133, 33 = 4*k - 2*p - 93. What are the prime factors of k?
2
Let b(q) = -5*q + 4. Let n be b(-6). Suppose -46 = 3*y + 26. Let j = n + y. What are the prime factors of j?
2, 5
Let l be (10/(-4))/((-2)/20). Suppose 4*x + x - l = 0. Suppose -9 = -5*q - x*h + 21, -h + 1 = 0. List the prime factors of q.
5
Let d(f) = f**2 - f + 2. Let j = -8 - -11. What are the prime factors of d(j)?
2
Let t(h) = h**2 + 4. Let f be (2 + 0)/(2/(-8)). Let n = f + 11. What are the prime factors of t(n)?
13
Suppose -4*p + 2*p - 58 = 0. Let a = -16 - p. What are the prime factors of a?
13
Suppose j = -4*j + 10. Suppose g + 2*g = -j*i + 17, 2*g + 2 = 2*i. What are the prime factors of i?
2
What are the prime factors of 1312/40 + 2/10?
3, 11
Suppose 0 = -0*h + h - 6. Suppose h = 2*v - 0*v. Suppose -3*o = v*g - g - 9, 0 = 4*g - 2*o - 42. List the prime factors of g.
3
Let r(m) = -m**3 - 6*m**2 - 6*m - 1. Suppose 0 = 3*t - t. Suppose -2*u - 7 - 3 = t. What are the prime factors of r(u)?
2
Suppose -2 = -3*l + 4. Suppose -4*o = 3*s - 89, -l*o + 23 = -s - 24. List the prime factors of o.
23
Let x(r) = 6 - r + r - 3*r - 5. What are the prime factors of x(-2)?
7
Suppose 3*x - 19 = -1. Suppose 6*b = 11*b + 10. List the prime factors of x - (b - (1 - 2)).
7
Suppose 0 = -4*j + 4*r + 372, j - 2*r = 2*j - 105. List the prime factors of j.
97
Suppose -2*a + 33 = a. Let z = a + -3. Let y = z - 4. What are the prime factors of y?
2
Suppose 4*o - 89 - 75 = -2*z, 5*o - 211 = -4*z. Suppose 124 = -5*t + r + 2*r, -2*r = -4*t - 98. Let m = o + t. What are the prime factors of m?
2
Let q(x) = x**3 - 6*x**2 - 5*x. Suppose 2*l + 7 = 3*l. List the prime factors of q(l).
2, 7
Suppose -3*p + 104 + 10 = 0. List the prime factors of p.
2, 19
Let r(o) = o**3 + 3*o**2 + 2*o + 4. Let s be r(-3). Let x(n) = -6*n + 2. List the prime factors of x(s).
2, 7
Let p = 174 - 48. List the prime factors of p.
2, 3, 7
What are the prime factors of 10/(-20) - (-50)/4?
2, 3
Suppose 2*i + 3*g = 0, 8*g - 3*g - 5 = -5*i. Suppose 2*w + i*r - 24 = 0, 0*w + 2*w - r - 32 = 0. What are the prime factors of w?
3, 5
Suppose 3*u - 1145 = -5*i, u = 5*u + 20. List the prime factors of i.
2, 29
Suppose 2*r + r - 82 = -2*c, 0 = -2*c - 2. List the prime factors of r.
2, 7
Let i(o) = -o**3 - o**2 + 157. Let d be i(0). Suppose 5*k - d = 93. What are the prime factors of k?
2, 5
Suppose 2*y + 21 = 2*j + 63, 0 = 5*y + j - 105. Let c = y + 1. What are the prime factors of c?
2, 11
Let u(r) be the first derivative of r**4/6 + r**2/2 - r + 3. Let f(j) be the first derivative of u(j). What are the prime factors of f(-2)?
3
Let s be 2*(-1 - -3 - 7). Let n = 5 + s. Let k = 11 + n. List the prime factors of k.
2, 3
Suppose 5*i - 4*p = -8, -4*p = -3*p - 2. Suppose 0 = -w + y + 3, i = 2*w + w - 4*y - 8. What are the prime factors of w?
2
Suppose -l - 3 = 39. Let j = l + 64. What are the prime factors of j?
2, 11
Let i(m) = -m**3 + 13*m**2 - 11*m - 1. List the prime factors of i(9).
2, 7
Suppose 0 = -0*n + n - 12. List the prime factors of 8/n + 43/3.
3, 5
Suppose -2*x = 2*u - 130, 3*u - 199 = -2*x + 3*x. List the prime factors of u.
2, 3, 11
List the prime factors of -3 + 0 + 76 - 1.
2, 3
Let w(v) = -v**3 + 1. Let h be -2*(-2 + 1) - -1. Suppose -3*k - 7 = h*j - 4*k, -2*j - 4*k = 0. List the prime factors of w(j).
3
Let h(l) be the second derivative of -l**5/10 - 5*l**4/12 - 5*l**3/6 - l**2 + 6*l. What are the prime factors of h(-3)?
2, 11
List the prime factors of (3*291/9)/1.
97
Suppose 4*t - 255 = -3*n, 3*n - t - 340 = -n. List the prime factors of n.
5, 17
Let f be ((-8)/2)/(-2 + 0). Suppose -d - 4*a = 4, 6*a = 3*d + f*a - 4. Let q = d + 5. List the prime factors of q.
5
Let a = 21 + 73. What are the prime factors of a?
2, 47
Let d = 4 + 1. Let y = d - 2. What are the prime factors of y?
3
Suppose -4 = 2*f - 10. Suppose -f*l + 15 = -j, 0 = 7*l - 3*l + 3*j - 7. Suppose -l*w + 56 = -0*w. List the prime factors of w.
2, 7
List the prime factors of (-2 - 14/(-6)) + 5510/30.
2, 23
Suppose -2*v + 2 = a, 2*a + 0*a + 3*v = 7. List the prime factors of a.
2
Let p(f) = -f**2 - 11*f + 4. Let t be 20/6*21/(-7). List the prime factors of p(t).
2, 7
Let x be 84/8*(-8)/(-3). Suppose -4*i = -8*i + x. List the prime factors of i.
7
Suppose 0 = t + 17 - 50. Suppose -n + t - 2 = 0. List the prime factors of n.
31
Suppose -3*y - 146 - 202 = -3*r, 0 = 4*y - 12. What are the prime factors of r?
7, 17
Suppose -3*q + 157 = o, -82 = 6*q - 8*q + 5*o. List the prime factors of q.
3, 17
Let w = -3 + 5. Let y be (-21)/(-4) - 5/20. Suppose 9 + 26 = 5*m - w*l, 0 = -5*m - y*l. What are the prime factors of m?
5
Suppose 3 = -j, 3*v = 5*j - 4*j + 72. List the prime factors of v.
23
Suppose -2*k - 3 = -3*k. Suppose 2*a + 147 = 6*a - k*s, 3*a + 2*s = 106. Suppose 5*i = i + a. What are the prime factors of i?
3
Let g = 1 + -3. Let h(d) = 5*d**2 + 4*d + 3. List the prime factors of h(g).
3, 5
Let m = 27 + 22. Suppose -a + 3*a + 3*k - 27 = 0, -4*a - k = -m. What are the prime factors of a?
2, 3
Let y be 146/6 + 6/9. Suppose 0 = -5*m + 150 - y. What are the prime factors of m?
5
Let c(k) = -k**2 - 7*k - 7. Suppose 0 = -7*v + 2*v - 2*f - 17, -4*f = -5*v - 41. Let l be c(v). Suppose -22 = -l*n + 5. List the prime factors of n.
3
Let m(b) = b**2 + b + 10. Let w be m(0). Let i = -19 + w. Let a = 3 - i. List the prime factors of a.
2, 3
List the prime factors of (7/(-14))/((-1)/86).
43
Suppose 2*f = -8*f + 2220. What are the prime factors of f?
2, 3, 37
Let w(r) = 9*r - r + 5*r + 1. Let u be w(1). Let p = 21 - u. What are the prime factors of p?
7
Let u be (-14)/(-10) + (-12)/30. Let k(o) = 3*o**2 + 1. List the prime factors of k(u).
2
Suppose 4*u - 2*z - 2*z = 20, -5*u = z - 19. Let g(r) = 4 - 6 - 2*r**2 - 2*r + r**3 - u*r - r**2. What are the prime factors of g(5)?
2, 3
Let a(h) = 13*h + 5. Let z be a(9). Suppose 5*c - z = 3*w + 80, -2*c - 3*w + 85 = 0. Let f = 57 - c. What are the prime factors of f?
2
Let t = 7 - 3. Let o(q) = q**3 - 4*q**2 - 1. Let d be o(t). What are the prime factors of d + (-5)/(10/(-12))?
5
Let j be (8 - 3)*(-2)/(-2). Suppose x = 11 + j. What are the prime factors of x?
2
Suppose 4*z - 1 - 7 = 0. Suppose -z*f = -f - 7. What are the prime factors of f?
7
Let a(o) = -5*o. Let s be 2/(1*6/15). Suppose 5*r + 5 = 0, 3*m + r + s = -5. List the prime factors of a(m).
3, 5
Let s = -16 - -21. What are the prime facto